base 6) in base 13?
346b
What is 532 (base 10) in base 12?
384
-e7 (base 16) to base 8
-347
What is -129 (base 11) in base 10?
-152
What is 18c (base 15) in base 10?
357
Convert -5ba4 (base 15) to base 8.
-46060
-1696 (base 12) to base 15
-c06
What is 10345 (base 8) in base 7?
15416
-4404 (base 5) to base 15
-2a4
Convert -535 (base 7) to base 14.
-155
What is 1 (base 13) in base 5?
1
-20101 (base 3) to base 14
-c4
Convert 58e (base 15) to base 6.
5455
-248 (base 11) to base 2
-100100110
Convert -1352 (base 8) to base 12.
-522
What is -12020220 (base 3) in base 6?
-25423
Convert 27939 (base 10) to base 4.
12310203
13367 (base 10) to base 15
3e62
Convert 101220 (base 3) to base 12.
206
What is -11142 (base 5) in base 16?
-31d
What is -2021 (base 8) in base 4?
-100101
What is 6241 (base 13) in base 15?
404d
What is a5e (base 15) in base 7?
6551
-4026 (base 7) to base 8
-2560
What is 1267 (base 11) in base 7?
4541
Convert -1063 (base 11) to base 12.
-988
What is 20034 (base 7) in base 8?
11333
Convert -11628 (base 9) to base 11.
-5953
What is 513 (base 8) in base 13?
1c6
-11 (base 9) to base 13
-a
What is 100100111111 (base 2) in base 7?
6621
Convert -127 (base 8) to base 11.
-7a
What is 100011010000011 (base 2) in base 6?
215323
-1445 (base 6) to base 3
-112102
Convert 10203 (base 4) to base 10.
291
Convert 12121 (base 6) to base 3.
2102211
Convert -31374 (base 8) to base 4.
-3023330
Convert b19 (base 13) to base 14.
985
Convert 38a0 (base 13) to base 11.
607a
Convert -201112001 (base 3) to base 13.
-6628
What is -5416 (base 16) in base 8?
-52026
-212 (base 5) to base 6
-133
-158 (base 14) to base 9
-334
What is 24344 (base 5) in base 14?
961
What is -733 (base 9) in base 13?
-36c
What is 1000100100011101 (base 2) in base 8?
104435
What is -517 (base 10) in base 16?
-205
Convert 3b3a (base 13) to base 15.
27b9
1000111011011 (base 2) to base 12
278b
Convert 5c4 (base 13) to base 9.
1336
What is -211323 (base 4) in base 3?
-10022220
Convert 273 (base 10) to base 6.
1133
10000010101 (base 2) to base 6
4501
What is 4200 (base 16) in base 6?
210120
-343 (base 5) to base 2
-1100010
What is d89 (base 15) in base 7?
11622
What is 77 (base 13) in base 16?
62
3bc (base 14) to base 3
1000221
Convert 10000121 (base 3) to base 7.
6265
Convert 3774 (base 8) to base 11.
1599
Convert 1504 (base 15) to base 8.
10630
a94 (base 12) to base 5
22202
-1111000 (base 2) to base 16
-78
Convert 995 (base 11) to base 10.
1193
Convert 5a1 (base 13) to base 5.
12401
3739 (base 10) to base 9
5114
Convert -b4 (base 12) to base 9.
-161
What is 1103 (base 9) in base 8?
1455
-156 (base 15) to base 10
-306
What is -625 (base 12) in base 11?
-742
Convert 1101100100001111 (base 2) to base 15.
116e7
What is -35 (base 15) in base 13?
-3b
What is 6635 (base 10) in base 12?
3a0b
Convert 10011111100001 (base 2) to base 4.
2133201
Convert 221321 (base 5) to base 14.
2b4b
Convert -4314 (base 6) to base 14.
-502
Convert 727 (base 13) to base 2.
10011000000
Convert -5357 (base 10) to base 8.
-12355
What is -66 (base 8) in base 6?
-130
Convert 2903 (base 12) to base 7.
16602
What is -1020 (base 7) in base 8?
-545
What is -9697 (base 12) in base 3?
-211200021
Convert -12202000 (base 3) to base 14.
-174d
Convert -4662 (base 8) to base 14.
-c94
What is 10110000101 (base 2) in base 12?
999
205 (base 12) to base 7
566
What is 16621 (base 11) in base 8?
55520
What is 739 (base 15) in base 7?
4515
Convert 150c (base 16) to base 3.
21101120
What is -23053 (base 7) in base 4?
-1123231
What is -2212 (base 13) in base 2?
-1001010001011
-100000 (base 5) to base 15
-dd5
Convert -5551 (base 11) to base 2.
-1110010010100
Convert -310 (base 10) to base 4.
-10312
54a7 (base 12) to base 9
13731
11110000111000 (base 2) to base 5
443131
What is -1dd (base 15) in base 12?
-301
1042102 (base 5) to base 15
56bc
Convert -591 (base 13) to base 14.
-4cb
-11aa (base 12) to base 6
-13134
What is -13466 (base 7) in base 10?
-3674
Convert -16a1 (base 15) to base 13.
-22b1
Convert 34 (base 11) to base 12.
31
-176 (base 9) to base 6
-410
Convert -764 (base 12) to base 11.
-8a6
110100010000 (base 2) to base 16
d10
What is -13923 (base 14) in base 16?
-bd3b
Convert -44215 (base 6) to base 9.
-8362
Convert -111010101 (base 2) to base 11.
-397
Convert 223400 (base 7) to base 4.
21223121
-2212101012 (base 3) to base 7
-323312
Convert 1226 (base 15) to base 14.
159b
Convert 564 (base 8) to base 5.
2442
Convert -206 (base 12) to base 7.
-600
Convert -12171 (base 10) to base 2.
-10111110001011
What is 527 (base 15) in base 11?
967
What is -9020 (base 12) in base 9?
-23326
-5378 (base 11) to base 4
-1232333
Convert -26440 (base 7) to base 16.
-1bac
1282 (base 13) to base 7
10462
133252 (base 6) to base 16
3080
25334 (base 13) to base 4
100300301
5c (base 15) to base 10
87
Convert -330414 (base 7) to base 4.
-32013213
102248 (base 9) to base 4
32310221
-120b (base 16) to base 4
-1020023
Convert -1759 (base 10) to base 6.
-12051
1010001011000111 (base 2) to base 10
41671
Convert b0b (base 12) to base 4.
120323
110101001100111 (base 2) to base 8
65147
-1530 (base 14) to base 2
-111010110110
What is 111011 (base 3) in base 7?
1015
-6c (base 16) to base 4
-1230
What is 5877 (base 15) in base 6?
222551
Convert 1466 (base 7) to base 11.
494
Convert 4b1 (base 12) to base 10.
709
Convert -22022 (base 4) to base 16.
-28a
Convert 110100001 (base 2) to base 10.
417
What is 37231 (base 8) in base 12?
9335
Convert 32667 (base 8) to base 5.
420001
What is 1d7a (base 15) in base 12?
3867
278 (base 10) to base 13
185
Convert 1332340 (base 5) to base 12.
13904
Convert -39a (base 16) to base 6.
-4134
Convert 45115 (base 6) to base 13.
2b46
Convert 285 (base 16) to base 6.
2553
4847 (base 11) to base 12
3807
-5533 (base 6) to base 16
-501
What is 18728 (base 11) in base 5?
1314131
-102351 (base 6) to base 7
-33223
Convert 2675 (base 11) to base 12.
2012
-17678 (base 13) to base 3
-2021210122
What is -d077 (base 14) in base 11?
-24975
Convert 210311 (base 5) to base 11.
5254
What is -1005 (base 8) in base 7?
-1336
What is 2121 (base 6) in base 12?
341
What is -1110110010001 (base 2) in base 5?
-220234
Convert 2103 (base 8) to base 12.
76b
What is -1ae (base 16) in base 5?
-3210
622 (base 9) to base 4
13322
Convert 1022 (base 7) to base 4.
11213
-27d8 (base 16) to base 3
-111222210
c2c (base 13) to base 11
1609
What is -105423 (base 6) in base 13?
-4146
-a03 (base 16) to base 6
-15511
-2b9 (base 14) to base 6
-2323
Convert 9797 (base 11) to base 8.
31204
-6c4 (base 14) to base 6
-10124
20111 (base 4) to base 12
385
What is 47503 (base 8) in base 10?
20291
What is -407 (base 15) in base 2?
-1110001011
-111b8 (base 13) to base 16
-7966
Convert -354 (base 7) to base 13.
-114
Convert -422 (base 10) to base 2.
-110100110
What is -38722 (base 10) in base 7?
-220615
Convert 111101011110 (base 2) to base 15.
1274
Convert -6801 (base 10) to base 16.
-1a91
-5 (base 15) to base 10
-5
-30aa (base 13) to base 10
-6731
Convert -2b5 (base 12) to base 13.
-269
Convert -ba02 (base 15) to base 7.
-222542
What is 166412 (base 7) in base 16?
82c4
102044 (base 5) to base 14
134b
Convert -13c81 (base 13) to base 9.
-56127
Convert -1000000 (base 3) to base 10.
-729
What is -2200101012 (base 3) in base 9?
-80335
What is 611 (base 16) in base 2?
11000010001
4b (base 15) to base 3
2122
Convert dbec (base 15) to base 9.
70786
-153 (base 13) to base 9
-283
-20100 (base 4) to base 8
-1020
Convert 110111111 (base 3) to base 5.
242422
Convert -1000110001 (base 2) to base 11.
-470
-1102441 (base 5) to base 6
-224305
Convert 2031 (base 4) to base 6.
353
-43 (base 14) to base 10
-59
-16656 (base 8) to base 2
-1110110101110
Convert 76b (base 12) to base 10.
1091
134422 (base 5) to base 14
208c
What is 14440 (base 7) in base 14?
1657
What is -100111011 (base 2) in base 5?
-2230
What is -395b3 (base 12) in base 10?
-78615
2000 (base 9) to base 10
1458
Convert 111011111011110 (base 2) to base 6.
354022
Convert -51467 (base 10) to base 16.
-c90b
What is -61132 (base 8) in base 15?
-76d8
5875 (base 9) to base 14
1837
Convert 1975 (base 10) to base 9.
2634
Convert 4043 (base 14) to base 11.
8322
What is -1112112 (base 4) in base 13?
-2691
Convert 2c8c (base 13) to base 14.
2550
Convert 203